{"id":725,"date":"2022-06-22T12:02:40","date_gmt":"2022-06-22T10:02:40","guid":{"rendered":"https:\/\/www.alter-italia.com\/?page_id=725"},"modified":"2022-07-04T17:39:34","modified_gmt":"2022-07-04T15:39:34","slug":"home-2","status":"publish","type":"page","link":"https:\/\/www.alter-italia.com\/","title":{"rendered":"Home"},"content":{"rendered":"\n<div class=\"wp-block-cover alignfull is-light\"><span aria-hidden=\"true\" class=\"wp-block-cover__background has-background-dim-10 has-background-dim\"><\/span><img loading=\"lazy\" decoding=\"async\" width=\"1366\" height=\"350\" class=\"wp-block-cover__image-background wp-image-22\" alt=\"\" src=\"http:\/\/alter-italia.com\/wp-content\/uploads\/2019\/01\/banner.jpg\" style=\"object-position:44% 80%\" data-object-fit=\"cover\" data-object-position=\"44% 80%\" srcset=\"https:\/\/www.alter-italia.com\/wp-content\/uploads\/2019\/01\/banner.jpg 1366w, https:\/\/www.alter-italia.com\/wp-content\/uploads\/2019\/01\/banner-300x77.jpg 300w, https:\/\/www.alter-italia.com\/wp-content\/uploads\/2019\/01\/banner-768x197.jpg 768w, https:\/\/www.alter-italia.com\/wp-content\/uploads\/2019\/01\/banner-1024x262.jpg 1024w\" sizes=\"auto, (max-width: 709px) 85vw, (max-width: 909px) 67vw, (max-width: 1362px) 62vw, 840px\" \/><div class=\"wp-block-cover__inner-container is-layout-flow wp-block-cover-is-layout-flow\">\n<p class=\"has-text-align-center has-white-color has-text-color has-large-font-size\"><br>L&#8217;Italia fuori d&#8217;Italia<\/p>\n<\/div><\/div>\n\n\n\n<p><br>Fondata da Mauro Marabini, italiano, bolognese, che vive nel Principato di Monaco e lavora a Monaco e in Francia, Alter Italia \u00e8 un\u2019organizzazione senza fine di lucro, basata su una passione: quella per il proprio Paese, per la sua cultura e la sua storia, il tutto visto da un italiano che vive fuori dai confini nazionali.<\/p>\n\n\n\n<p>Alter Italia organizza eventi con lo scopo di riunire tutte quelle realt\u00e0 animate da italiani che vivono all\u2019estero (gli \u201cexpat\u201d) oppure da persone nate all\u2019estero ma che hanno radici italiane e che hanno scopi simili ai suoi, cio\u00e8 la valorizzazione dell\u2019Italia e della sua straordinaria cultura.<\/p>\n\n\n\n<p>Mauro Marabini \u00e8 convinto che tutte queste realt\u00e0 devono trovare sinergie e collaborare fra di loro, per dare ancora pi\u00f9 forza al concetto di valorizzazione dell\u2019Italia.<\/p>\n\n\n\n<h2 class=\"has-white-color has-bright-red-background-color has-text-color has-background wp-block-heading\"><strong><em>&nbsp; &nbsp; &nbsp; &nbsp; &nbsp; &nbsp; &nbsp; &nbsp; &nbsp; &nbsp; &nbsp; &nbsp; &nbsp; &nbsp; &nbsp; &nbsp; &nbsp; &nbsp; Save the date &nbsp; &nbsp; &nbsp; &nbsp; &nbsp;<\/em><\/strong><\/h2>\n\n\n\n<p class=\"has-text-align-center\">Mauro Marabini ha il piacere di invitarla alla<\/p>\n\n\n\n<p class=\"has-text-align-center\"><strong>Conferenza estiva \u201cItalia Eterna\u201d<\/strong><\/p>\n\n\n\n<p class=\"has-text-align-center\">animata da chi nasce italiano ma vive all\u2019estero,&nbsp;<br>da chi nasce all\u2019estero ma ha radici italiane,&nbsp;<br>da chi \u00e8 straniero ma ama l\u2019Italia<\/p>\n\n\n\n<p class=\"has-text-align-center has-text-color\" style=\"color:#d1352c\"><strong>16 -18 Settembre 2022<\/strong><br><strong>Mentone, Francia<\/strong><\/p>\n\n\n\n<p class=\"has-text-align-center\"><\/p>\n\n\n\n<figure class=\"wp-block-image size-full\"><img loading=\"lazy\" decoding=\"async\" width=\"800\" height=\"600\" src=\"https:\/\/www.alter-italia.com\/wp-content\/uploads\/2022\/07\/image.png\" alt=\"\" class=\"wp-image-760\" srcset=\"https:\/\/www.alter-italia.com\/wp-content\/uploads\/2022\/07\/image.png 800w, https:\/\/www.alter-italia.com\/wp-content\/uploads\/2022\/07\/image-300x225.png 300w, https:\/\/www.alter-italia.com\/wp-content\/uploads\/2022\/07\/image-768x576.png 768w\" sizes=\"auto, (max-width: 800px) 85vw, 800px\" \/><\/figure>\n\n\n\n<p><br><em>Relatori confermati, in ordine alfabetico:<\/em><\/p>\n\n\n\n<p><strong>Jean-Robert Armogathe <\/strong>(Francia, Direttore della rivista <em>Communio<\/em>) &#8211; <strong>On. Simone Billi<\/strong> (Svizzera, deputato italiano eletto all\u2019estero) &#8211; <strong>Giovanni Bocco <\/strong>(Italia, giornalista e scrittore) &#8211; <strong>Salvatore Cordileone<\/strong> (USA, Arcivescovo di San Francisco) &#8211; <strong>Andrew Cotto<\/strong> (USA, Direttore  <em>Italian America Magazine<\/em>) &#8211; <strong>Delfina Licata<\/strong> (Italia, Fondazione Migrantes della CEI) &#8211; <strong>Josephine Maietta<\/strong> (USA, Presidente dell\u2019<em>Associazione Insegnanti di italiano negli USA<\/em>),\u00a0 <strong>Jean-Luc Marion<\/strong> (Francia &#8211; filosofo, Acad\u00e9mie Fran\u00e7aise), <strong>Elisabeth Bettina Nicolosi <\/strong>(USA, scrittrice) &#8211; <strong>Francesco Ragni <\/strong>(Regno Unito, direttore della rivista <em>Londra, Italia<\/em>) &#8211; <strong>Joseph Sciame<\/strong> USA, Presidente della Fondazione \u201cSons of Italy\u201d).<\/p>\n\n\n\n<p>Moderatore: <strong>Armando Torno<\/strong>, giornalista, <em>Sole 24 Ore<\/em> e <em>Corriere della Sera<\/em><\/p>\n\n\n\n<p><strong><em>Saranno presenti giornalisti provenienti da 11 Paesi e 18 testate<\/em><\/strong><\/p>\n\n\n\n<p><strong>Per confermare la vostra presenza: contact@alter-italia.com<\/strong><\/p>\n","protected":false},"excerpt":{"rendered":"<p>Fondata da Mauro Marabini, italiano, bolognese, che vive nel Principato di Monaco e lavora a Monaco e in Francia, Alter Italia \u00e8 un\u2019organizzazione senza fine di lucro, basata su una passione: quella per il proprio Paese, per la sua cultura e la sua storia, il tutto visto da un italiano che vive fuori dai confini &hellip; <a href=\"https:\/\/www.alter-italia.com\/\" class=\"more-link\">Leggi tutto<span class=\"screen-reader-text\"> &#8220;Home&#8221;<\/span><\/a><\/p>\n","protected":false},"author":1,"featured_media":0,"parent":0,"menu_order":0,"comment_status":"closed","ping_status":"closed","template":"","meta":{"footnotes":""},"class_list":["post-725","page","type-page","status-publish","hentry"],"_links":{"self":[{"href":"https:\/\/www.alter-italia.com\/index.php\/wp-json\/wp\/v2\/pages\/725","targetHints":{"allow":["GET"]}}],"collection":[{"href":"https:\/\/www.alter-italia.com\/index.php\/wp-json\/wp\/v2\/pages"}],"about":[{"href":"https:\/\/www.alter-italia.com\/index.php\/wp-json\/wp\/v2\/types\/page"}],"author":[{"embeddable":true,"href":"https:\/\/www.alter-italia.com\/index.php\/wp-json\/wp\/v2\/users\/1"}],"replies":[{"embeddable":true,"href":"https:\/\/www.alter-italia.com\/index.php\/wp-json\/wp\/v2\/comments?post=725"}],"version-history":[{"count":12,"href":"https:\/\/www.alter-italia.com\/index.php\/wp-json\/wp\/v2\/pages\/725\/revisions"}],"predecessor-version":[{"id":763,"href":"https:\/\/www.alter-italia.com\/index.php\/wp-json\/wp\/v2\/pages\/725\/revisions\/763"}],"wp:attachment":[{"href":"https:\/\/www.alter-italia.com\/index.php\/wp-json\/wp\/v2\/media?parent=725"}],"curies":[{"name":"wp","href":"https:\/\/api.w.org\/{rel}","templated":true}]}}